{"id":8688,"date":"2021-12-03T11:50:30","date_gmt":"2021-12-03T14:50:30","guid":{"rendered":"https:\/\/sanitarios5g.com.ar\/index.php\/producto\/protector-pdms-hasta-10-a-220-v\/"},"modified":"2023-10-30T10:10:23","modified_gmt":"2023-10-30T13:10:23","slug":"protector-pdms-hasta-10-a-220-v","status":"publish","type":"product","link":"https:\/\/sanitarios5g.com.ar\/index.php\/producto\/protector-pdms-hasta-10-a-220-v\/","title":{"rendered":"PROTECTOR PDMS HASTA 10 A-220 V"},"content":{"rendered":"<p>PROTECTOR DE MARCHA POR FALTA DE AGUA PDMS es un interruptor que sensa el paso del agua, y ante ausencia de la misma, activa su protecci\u00f3n, cortando la ener\u00adg\u00eda de alimentaci\u00f3n el\u00e9ctrica de la bomba, protegi\u00e9ndola de su marcha en seco. Dise\u00f1ado para ser usado en electrobombas centr\u00edfugas.ALTA DE AGUA<\/p>\n","protected":false},"excerpt":{"rendered":"<ul>\n<li>Reset manual<\/li>\n<li>Incluye niple de conexi\u00f3n y cables de alimentaci\u00f3n<\/li>\n<li>Hasta 10A<\/li>\n<li>Tensi\u00f3n 220v<\/li>\n<li>Protecci\u00f3n IP55<\/li>\n<\/ul>\n","protected":false},"featured_media":8777,"template":"","meta":[],"product_brand":[],"product_cat":[368],"product_tag":[],"class_list":{"0":"post-8688","1":"product","2":"type-product","3":"status-publish","4":"has-post-thumbnail","6":"product_cat-motorarg-accesorios","8":"first","9":"instock","10":"taxable","11":"shipping-taxable","12":"purchasable","13":"product-type-simple"},"jetpack_sharing_enabled":true,"_links":{"self":[{"href":"https:\/\/sanitarios5g.com.ar\/index.php\/wp-json\/wp\/v2\/product\/8688","targetHints":{"allow":["GET"]}}],"collection":[{"href":"https:\/\/sanitarios5g.com.ar\/index.php\/wp-json\/wp\/v2\/product"}],"about":[{"href":"https:\/\/sanitarios5g.com.ar\/index.php\/wp-json\/wp\/v2\/types\/product"}],"wp:featuredmedia":[{"embeddable":true,"href":"https:\/\/sanitarios5g.com.ar\/index.php\/wp-json\/wp\/v2\/media\/8777"}],"wp:attachment":[{"href":"https:\/\/sanitarios5g.com.ar\/index.php\/wp-json\/wp\/v2\/media?parent=8688"}],"wp:term":[{"taxonomy":"product_brand","embeddable":true,"href":"https:\/\/sanitarios5g.com.ar\/index.php\/wp-json\/wp\/v2\/product_brand?post=8688"},{"taxonomy":"product_cat","embeddable":true,"href":"https:\/\/sanitarios5g.com.ar\/index.php\/wp-json\/wp\/v2\/product_cat?post=8688"},{"taxonomy":"product_tag","embeddable":true,"href":"https:\/\/sanitarios5g.com.ar\/index.php\/wp-json\/wp\/v2\/product_tag?post=8688"}],"curies":[{"name":"wp","href":"https:\/\/api.w.org\/{rel}","templated":true}]}}