{"id":8421,"date":"2021-11-18T00:02:56","date_gmt":"2021-11-18T03:02:56","guid":{"rendered":"https:\/\/sanitarios5g.com.ar\/index.php\/producto\/ds-control-automatico-de-presion\/"},"modified":"2024-09-24T15:22:06","modified_gmt":"2024-09-24T18:22:06","slug":"ds-control-automatico-de-presion","status":"publish","type":"product","link":"https:\/\/sanitarios5g.com.ar\/index.php\/producto\/ds-control-automatico-de-presion\/","title":{"rendered":"DS CONTROL AUTOMATICO DE PRESION"},"content":{"rendered":"<p>es un regulador de presi\u00f3n diferente del interruptor de presi\u00f3n o pres\u00f3stato tradicional, es una combinaci\u00f3n del medidor de presi\u00f3n que utilizan\u00addo una nueva tecnolog\u00eda fotoel\u00e9ctrica, permite setear libremente el encendido y apagado del equipo instalado.<\/p>\n","protected":false},"excerpt":{"rendered":"<p>COD49014246<\/p>\n","protected":false},"featured_media":8523,"template":"","meta":[],"product_brand":[],"product_cat":[236],"product_tag":[],"class_list":{"0":"post-8421","1":"product","2":"type-product","3":"status-publish","4":"has-post-thumbnail","6":"product_cat-pluvius","8":"first","9":"onbackorder","10":"taxable","11":"shipping-taxable","12":"purchasable","13":"product-type-simple"},"jetpack_sharing_enabled":true,"_links":{"self":[{"href":"https:\/\/sanitarios5g.com.ar\/index.php\/wp-json\/wp\/v2\/product\/8421","targetHints":{"allow":["GET"]}}],"collection":[{"href":"https:\/\/sanitarios5g.com.ar\/index.php\/wp-json\/wp\/v2\/product"}],"about":[{"href":"https:\/\/sanitarios5g.com.ar\/index.php\/wp-json\/wp\/v2\/types\/product"}],"wp:featuredmedia":[{"embeddable":true,"href":"https:\/\/sanitarios5g.com.ar\/index.php\/wp-json\/wp\/v2\/media\/8523"}],"wp:attachment":[{"href":"https:\/\/sanitarios5g.com.ar\/index.php\/wp-json\/wp\/v2\/media?parent=8421"}],"wp:term":[{"taxonomy":"product_brand","embeddable":true,"href":"https:\/\/sanitarios5g.com.ar\/index.php\/wp-json\/wp\/v2\/product_brand?post=8421"},{"taxonomy":"product_cat","embeddable":true,"href":"https:\/\/sanitarios5g.com.ar\/index.php\/wp-json\/wp\/v2\/product_cat?post=8421"},{"taxonomy":"product_tag","embeddable":true,"href":"https:\/\/sanitarios5g.com.ar\/index.php\/wp-json\/wp\/v2\/product_tag?post=8421"}],"curies":[{"name":"wp","href":"https:\/\/api.w.org\/{rel}","templated":true}]}}