{"id":14859,"date":"2025-01-24T10:16:38","date_gmt":"2025-01-24T13:16:38","guid":{"rendered":"https:\/\/sanitarios5g.com.ar\/?post_type=product&#038;p=14859"},"modified":"2025-01-24T10:16:38","modified_gmt":"2025-01-24T13:16:38","slug":"ds-bomba-centrifuga-cpm-146","status":"publish","type":"product","link":"https:\/\/sanitarios5g.com.ar\/index.php\/producto\/ds-bomba-centrifuga-cpm-146\/","title":{"rendered":"DS BOMBA CENTRIFUGA CPM-146"},"content":{"rendered":"","protected":false},"excerpt":{"rendered":"<p>Las bombas centr\u00edfugas CPM Pluvius son ideales para bombear grande caudales de agua en poco tiempo, contando adem\u00e1s con una excelente relaci\u00f3n potencia consumida-presi\u00f3n entregada. Estas bombas pueden trabajar junto a controladores como CAF o el SKF, lo que les permite ser utilizadas para presurizar instalaciones sanitarias seg\u00fan su necesidad. Son la mejor alternativa para llevar agua a tanques elevados o para transportar el l\u00edquido de un estanque a otro. Para su instalaci\u00f3n debe haber una distancia m\u00ednima de 50 cm entre la base del tanque y el artefacto m\u00e1s cercano.<\/p>\n","protected":false},"featured_media":14841,"template":"","meta":[],"product_brand":[],"product_cat":[236],"product_tag":[],"class_list":{"0":"post-14859","1":"product","2":"type-product","3":"status-publish","4":"has-post-thumbnail","6":"product_cat-pluvius","8":"first","9":"instock","10":"taxable","11":"shipping-taxable","12":"product-type-simple"},"jetpack_sharing_enabled":true,"_links":{"self":[{"href":"https:\/\/sanitarios5g.com.ar\/index.php\/wp-json\/wp\/v2\/product\/14859","targetHints":{"allow":["GET"]}}],"collection":[{"href":"https:\/\/sanitarios5g.com.ar\/index.php\/wp-json\/wp\/v2\/product"}],"about":[{"href":"https:\/\/sanitarios5g.com.ar\/index.php\/wp-json\/wp\/v2\/types\/product"}],"wp:featuredmedia":[{"embeddable":true,"href":"https:\/\/sanitarios5g.com.ar\/index.php\/wp-json\/wp\/v2\/media\/14841"}],"wp:attachment":[{"href":"https:\/\/sanitarios5g.com.ar\/index.php\/wp-json\/wp\/v2\/media?parent=14859"}],"wp:term":[{"taxonomy":"product_brand","embeddable":true,"href":"https:\/\/sanitarios5g.com.ar\/index.php\/wp-json\/wp\/v2\/product_brand?post=14859"},{"taxonomy":"product_cat","embeddable":true,"href":"https:\/\/sanitarios5g.com.ar\/index.php\/wp-json\/wp\/v2\/product_cat?post=14859"},{"taxonomy":"product_tag","embeddable":true,"href":"https:\/\/sanitarios5g.com.ar\/index.php\/wp-json\/wp\/v2\/product_tag?post=14859"}],"curies":[{"name":"wp","href":"https:\/\/api.w.org\/{rel}","templated":true}]}}